 is divided by g?
39
Let f(q) = 23*q**2 + 4*q. Let s be f(-3). Let l = -115 + s. Suppose 5*b - l = -0*b. What is the remainder when b is divided by 6?
4
Let s = 4 - -125. Let y(p) = 2*p**2 - 5*p + 8. Calculate the remainder when s is divided by y(5).
30
Suppose 0 = 5*q - 5*i - 7 - 23, i + 26 = 3*q. Let t(p) = p**3 + 8*p**2 + 2*p - 2. Suppose -5*r + r = 12. Calculate the remainder when t(r) is divided by q.
7
Let f(x) = 75*x**2 - 32*x - 5. What is the remainder when f(2) is divided by 64?
39
Let b = 21 + -6. Suppose 0 = 8*j - 1148 + 84. Calculate the remainder when j is divided by b.
13
Suppose -260*m + 520 + 537 + 1803 = 0. Suppose 3*a = 6*a - 18. What is the remainder when m is divided by a?
5
Suppose -5*k = -135 + 40. Calculate the remainder when k is divided by 9.
1
Suppose 232 = 54*f - 38. What is the remainder when f is divided by 4?
1
Let m be (-3)/(-6) - 4/(16/(-126)). Let r = 77 - m. Let i(h) = -11*h + 1. What is the remainder when r is divided by i(-1)?
9
Suppose 4*a = 2*l + 213 + 83, 2*l = a - 77. Calculate the remainder when 221 is divided by a.
2
Calculate the remainder when (-2*(-3)/18)/((-2)/(-1038)) is divided by 44.
41
Suppose -18*w + 709 = 7. Calculate the remainder when w is divided by 10.
9
Suppose -4*k - z = -4, 3*z = 6*z - 12. Calculate the remainder when 12 is divided by 4 + k - (-1 - -3).
0
What is the remainder when ((-63)/36*-14)/((-1)/(-2)) is divided by 25?
24
Let j = -29 - -31. Suppose i - j*i + 12 = 0. What is the remainder when 58 is divided by i?
10
Let n = 18 + -13. Suppose 2*c - n = -o + 10, -3*c + 3*o + 18 = 0. Calculate the remainder when 18 is divided by c.
4
Suppose 2663 + 131 = 22*t. Calculate the remainder when t is divided by 13.
10
Suppose s - 4*z - 27 = 8, -2*s + 3*z = -90. What is the remainder when 98 is divided by s?
47
Suppose 123 = 3*f + 4*k + 27, -4*k = 0. Calculate the remainder when f is divided by 9.
5
Suppose 4*n = 4*c - 24, -12 - 6 = -4*c + 2*n. Suppose -c*d + 5 = 2*d - 2*f, 1 = d + f. Calculate the remainder when d is divided by 1.
0
Let c = -2519 - -2584. Suppose 10 - 59 = -3*m - t, 2*m - 46 = 2*t. Calculate the remainder when c is divided by m.
11
Let u(f) = 23*f**2 - f + 6. Let q be u(-3). Suppose q = 3*r + 132. What is the remainder when r is divided by 8?
4
Let g(z) = z**3 - 14*z**2 + 14*z + 6. Calculate the remainder when 90 + 1/(-3)*0 is divided by g(13).
14
Let j(l) = 2*l**2 - 2*l. Let r be j(2). Suppose -r*d - 4*y + 428 = 0, 4*y + 198 + 28 = 2*d. Calculate the remainder when d is divided by 28.
25
Let a = 164 - 337. Let b = 114 + a. Calculate the remainder when (b/(-2))/(2/4) is divided by 21.
17
Let y(g) = g + 5. Let i be y(7). Suppose -2*b + i = -4*m, -b - 1 + 3 = 2*m. Calculate the remainder when 2/(22/30 - (-26)/(-65)) is divided by b.
2
Suppose 523 = 22*b - 203. Calculate the remainder when 461 is divided by b.
32
Suppose 5*f = 5*t - 540, -2 - 1 = 3*f. Let j = 34 + -7. What is the remainder when t is divided by j?
26
Suppose -5*x = -2*m, 0*x + 6 = m - x. Suppose 3*g - g + 4 = 0. Let t(p) = 2*p**2 + 3*p + 2. Calculate the remainder when m is divided by t(g).
2
Suppose 0 = -46*p + 28*p + 1872. What is the remainder when p is divided by 16?
8
Let a(g) = g**3 - 7*g**2 + 6*g - 14. Calculate the remainder when a(7) is divided by 4/(-14) + 114/7.
12
Let x be 48/18 - 2/(-6). Suppose 5*k = 25, 9 = 3*i - x*k - 12. What is the remainder when 22 is divided by i?
10
Let v = 144 + -53. Let o = v + -62. Calculate the remainder when o is divided by (1/(-5) - 1)*-5.
5
Let d = -57 - -82. Let c = -18 + d. Suppose 5*a = -11 + 31. Calculate the remainder when c is divided by a.
3
Suppose -2*k - 5*w + 46 - 9 = 0, 0 = -5*k + 3*w + 170. Suppose -5*u + 53 = x, 0 = -4*u + 6*x - 3*x + k. Calculate the remainder when u is divided by 3.
1
Let f be (-12)/21 - 8/(-14). Suppose 116 = 3*j + 2*j + 4*v, f = 3*j + 5*v - 67. Calculate the remainder when (-15)/((-22)/(-28) + -1) is divided by j.
22
Suppose 8*t = 300 - 204. What is the remainder when 39 is divided by t?
3
Suppose -3*a + 3*u = -101 - 157, 0 = 3*a - u - 266. What is the remainder when a is divided by 27?
9
Suppose -2*j - 3 = 1, -a = 5*j + 23. Let c = 8 - a. Calculate the remainder when c is divided by 9.
3
Suppose 5*y + 62 = -b, 2*y = -0*y + b - 22. What is the remainder when ((-57)/y)/(3/12) is divided by 6?
1
Suppose l - 4*x + 235 = 2*l, 4*l = -5*x + 929. Calculate the remainder when l is divided by 29.
28
Let i be ((-1)/(-3))/(22627/(-3234) - -7). Let t = 128 - i. Suppose -139 = -3*z + 128. Calculate the remainder when z is divided by t.
29
Let f be 8/6*18/2. Suppose z = -7*t + 3*t + f, 3*t - 43 = -5*z. What is the remainder when 55 is divided by z?
7
Let z = -109 + 124. Let f = 13 + -4. What is the remainder when z is divided by f?
6
Suppose -35 = -5*r - 4*o, -r + 3*o - 12 = -38. Calculate the remainder when 184 is divided by r.
8
Let i be -1 + 0 + 0 + -3. Calculate the remainder when (-230)/i + 3/6 is divided by 30.
28
Let g = 4 + 10. Suppose c - g = 19. What is the remainder when c is divided by 18?
15
Suppose 0 = -j - 15 + 3. Let q = -9 - j. Suppose -22 = -q*w + 23. Calculate the remainder when w is divided by 8.
7
Suppose a = 3*a - 8. What is the remainder when 65*7/(70/a) is divided by 10?
6
Suppose 0 = 5*g + 2*n - 3577, 0 = g - 3*g - 5*n + 1435. Suppose 395 + g = 6*f. What is the remainder when f is divided by 17?
15
Let v = 397 - 363. Calculate the remainder when 118 is divided by v.
16
Suppose -3*z = -d + 80, 4*d + 5*z - 239 = 30. Let j = d + -51. Suppose -6*h + h = -j. What is the remainder when 9 is divided by h?
1
Let l(t) = 1 - 1 - 2 - 3 - 2*t. Let j(d) = -d**3 - 9*d**2 + 2*d + 11. Let o be j(-9). Calculate the remainder when 17 is divided by l(o).
8
Let b = 13 - -40. What is the remainder when 92 is divided by b?
39
Let q(y) = -y**3 - 2*y**2 + 181. What is the remainder when q(0) is divided by 46?
43
Calculate the remainder when 181 is divided by ((-24)/30)/((-18)/315).
13
Suppose 7 + 1 = 2*c, 0 = 2*l - 4*c - 14. Let v be (240/14)/(24/588). What is the remainder when ((-6)/15)/(1*(-4)/v) is divided by l?
12
Suppose 37*b - 4020 = 22*b. What is the remainder when b is divided by 46?
38
Suppose 2*y = -3*w + 43, 10 - 5 = 5*w. Let f = -109 + 182. Calculate the remainder when f is divided by y.
13
Suppose -3*s - 2*c + 100 = 0, -72 = 2*s - 4*s - 4*c. Let h be -4*((45/(-10))/9 + 25). Let w = -87 - h. Calculate the remainder when s is divided by w.
10
Let t(m) = m**3 - 14*m**2 + m - 23. Let z be t(14). Let d(b) = -2*b + 1. Calculate the remainder when d(z) is divided by 4.
3
Suppose -8*c = -11*c + 99. Let j(b) = b**3 - 6*b**2 - 7*b + 12. What is the remainder when c is divided by j(7)?
9
Let y(a) = -a**2 - 4*a - 1. Let w be y(-2). Suppose -4*j + 11 = -w*j. Suppose 26 = 3*n + j. What is the remainder when n is divided by 4?
1
Let t(i) = -i**2 - i + 33. Suppose 0 = -2*z + 3 - 83. Let u = -28 - z. What is the remainder when t(0) is divided by u?
9
Let f(o) be the second derivative of o**4/12 - 13*o**3/6 + 21*o**2 + 16*o. Calculate the remainder when 98 is divided by f(11).
18
Suppose 0 = -0*n - 3*n + 15. Suppose 0 = -n*s + 26 + 24. What is the remainder when 18 is divided by s?
8
Let p = -299 - -310. What is the remainder when 50 is divided by p?
6
Let h(j) = -2*j**3 - 10*j**2 - 7*j + 1. Let q be h(-6). Suppose -5*f + q = -3*z, -96 = -3*f - 3*z - 3. Calculate the remainder when f is divided by 7.
5
What is the remainder when 438 is divided by ((850/5)/10)/((-1)/(-1))?
13
Let o(h) = -4*h + 3. Let k(w) = -5*w + 4. Let i(c) = -3*k(c) + 2*o(c). What is the remainder when 105 is divided by i(6)?
33
What is the remainder when (-41)/(2460/(-3560)) - 1/3 is divided by 21?
17
Let b = -9 - -18. Let a(k) = -k**2 - 13*k - 8. Calculate the remainder when b is divided by a(-12).
1
Let i(k) = -2*k**3 - 9*k**2 - 11*k - 7. Let j be i(-4). Suppose 14*v - 329 - j = 0. What is the remainder when 94 is divided by v?
19
Let k = -49 - -56. Let c be 1/2*(5 - 1). Suppose 0 = o - c*o + 4. Calculate the remainder when k is divided by o.
3
Let f(o) = -o**3 - 4*o**2 - 6*o - 1. Let n be f(-3). Suppose 4*l - 72 = -4*j, n = 2*l - 5*j - 7. What is the remainder when 57 is divided by l?
12
Let o = 60 - 35. What is the remainder when o is divided by 11?
3
Suppose 14*d = 52*d